nder when 91 is divided by 6.
1
What is the remainder when 30 is divided by 30?
0
Calculate the remainder when 580 is divided by 73.
69
Calculate the remainder when 25 is divided by 4.
1
What is the remainder when 819 is divided by 6?
3
Calculate the remainder when 1850 is divided by 456.
26
Calculate the remainder when 707 is divided by 233.
8
Calculate the remainder when 9770 is divided by 54.
50
What is the remainder when 310 is divided by 13?
11
What is the remainder when 6644 is divided by 51?
14
What is the remainder when 437 is divided by 68?
29
Calculate the remainder when 557 is divided by 37.
2
Calculate the remainder when 240 is divided by 11.
9
What is the remainder when 3371 is divided by 840?
11
What is the remainder when 904 is divided by 297?
13
Calculate the remainder when 302 is divided by 19.
17
What is the remainder when 255 is divided by 138?
117
What is the remainder when 69 is divided by 48?
21
What is the remainder when 146 is divided by 37?
35
Calculate the remainder when 457 is divided by 65.
2
Calculate the remainder when 74 is divided by 20.
14
Calculate the remainder when 127 is divided by 8.
7
What is the remainder when 218 is divided by 70?
8
Calculate the remainder when 564 is divided by 139.
8
What is the remainder when 125 is divided by 26?
21
What is the remainder when 470 is divided by 105?
50
Calculate the remainder when 58 is divided by 31.
27
Calculate the remainder when 1035 is divided by 68.
15
Calculate the remainder when 677 is divided by 88.
61
Calculate the remainder when 573 is divided by 41.
40
Calculate the remainder when 217 is divided by 97.
23
What is the remainder when 526 is divided by 12?
10
What is the remainder when 19 is divided by 9?
1
Calculate the remainder when 607 is divided by 9.
4
Calculate the remainder when 484 is divided by 160.
4
Calculate the remainder when 709 is divided by 60.
49
Calculate the remainder when 237 is divided by 20.
17
Calculate the remainder when 431 is divided by 157.
117
Calculate the remainder when 204 is divided by 16.
12
Calculate the remainder when 1110 is divided by 56.
46
What is the remainder when 348 is divided by 26?
10
What is the remainder when 1200 is divided by 576?
48
Calculate the remainder when 745 is divided by 105.
10
Calculate the remainder when 60 is divided by 16.
12
Calculate the remainder when 457 is divided by 111.
13
Calculate the remainder when 831 is divided by 32.
31
What is the remainder when 79 is divided by 46?
33
What is the remainder when 1021 is divided by 73?
72
Calculate the remainder when 154 is divided by 37.
6
Calculate the remainder when 696 is divided by 174.
0
What is the remainder when 309 is divided by 24?
21
What is the remainder when 39 is divided by 39?
0
What is the remainder when 55 is divided by 13?
3
What is the remainder when 357 is divided by 77?
49
What is the remainder when 79 is divided by 27?
25
What is the remainder when 278 is divided by 74?
56
Calculate the remainder when 297 is divided by 39.
24
What is the remainder when 456 is divided by 176?
104
Calculate the remainder when 3400 is divided by 262.
256
What is the remainder when 656 is divided by 5?
1
What is the remainder when 1345 is divided by 19?
15
What is the remainder when 106 is divided by 55?
51
What is the remainder when 2500 is divided by 139?
137
What is the remainder when 121 is divided by 25?
21
Calculate the remainder when 334 is divided by 45.
19
Calculate the remainder when 386 is divided by 28.
22
Calculate the remainder when 208 is divided by 202.
6
Calculate the remainder when 1512 is divided by 40.
32
Calculate the remainder when 100 is divided by 77.
23
What is the remainder when 323 is divided by 44?
15
What is the remainder when 759 is divided by 252?
3
What is the remainder when 8888 is divided by 18?
14
What is the remainder when 132 is divided by 48?
36
Calculate the remainder when 698 is divided by 89.
75
Calculate the remainder when 77 is divided by 31.
15
Calculate the remainder when 1589 is divided by 21.
14
What is the remainder when 1737 is divided by 290?
287
What is the remainder when 1606 is divided by 24?
22
Calculate the remainder when 221 is divided by 9.
5
What is the remainder when 186 is divided by 77?
32
What is the remainder when 479 is divided by 6?
5
What is the remainder when 110 is divided by 7?
5
What is the remainder when 137 is divided by 36?
29
What is the remainder when 322 is divided by 122?
78
Calculate the remainder when 300 is divided by 105.
90
Calculate the remainder when 3078 is divided by 7.
5
What is the remainder when 111 is divided by 8?
7
Calculate the remainder when 90 is divided by 56.
34
What is the remainder when 85 is divided by 18?
13
What is the remainder when 148 is divided by 52?
44
Calculate the remainder when 178 is divided by 87.
4
Calculate the remainder when 171 is divided by 126.
45
Calculate the remainder when 24 is divided by 3.
0
What is the remainder when 309 is divided by 270?
39
Calculate the remainder when 543 is divided by 179.
6
Calculate the remainder when 159 is divided by 19.
7
Calculate the remainder when 478 is divided by 67.
9
Calculate the remainder when 103 is divided by 16.
7
Calculate the remainder when 66 is divided by 16.
2
Calculate the remainder when 610 is divided by 27.
16
Calculate the remainder when 187 is divided by 39.
31
What is the remainder when 11087 is divided by 42?
41
What is the remainder when 29 is divided by 11?
7
Calculate the remainder when 170 is divided by 88.
82
What is the remainder when 6355 is divided by 3167?
21
Calculate the remainder when 2636 is divided by 29.
26
What is the remainder when 6 is divided by 2?
0
What is the remainder when 134 is divided by 36?
26
What is the remainder when 285 is divided by 32?
29
What is the remainder when 140 is divided by 49?
42
Calculate the remainder when 32 is divided by 3.
2
What is the remainder when 267 is divided by 55?
47
Calculate the remainder when 343 is divided by 3.
1
What is the remainder when 150 is divided by 9?
6
What is the remainder when 316 is divided by 64?
60
Calculate the remainder when 34 is divided by 13.
8
What is the remainder when 310 is divided by 62?
0
Calculate the remainder when 13909 is divided by 74.
71
Calculate the remainder when 719 is divided by 71.
9
What is the remainder when 727 is divided by 238?
13
Calculate the remainder when 58 is divided by 5.
3
What is the remainder when 400 is divided by 4?
0
What is the remainder when 6066 is divided by 27?
18
Calculate the remainder when 178 is divided by 4.
2
What is the remainder when 1529 is divided by 64?
57
What is the remainder when 5811 is divided by 106?
87
Calculate the remainder when 175 is divided by 18.
13
Calculate the remainder when 65 is divided by 55.
10
Calculate the remainder when 4570 is divided by 759.
16
What is the remainder when 130 is divided by 66?
64
Calculate the remainder when 448 is divided by 41.
38
Calculate the remainder when 3416 is divided by 67.
66
What is the remainder when 82 is divided by 12?
10
Calculate the remainder when 153 is divided by 121.
32
What is the remainder when 732 is divided by 32?
28
Calculate the remainder when 849 is divided by 13.
4
What is the remainder when 302 is divided by 300?
2
Calculate the remainder when 512 is divided by 61.
24
Calculate the remainder when 20 is divided by 9.
2
Calculate the remainder when 203 is divided by 11.
5
What is the remainder when 518 is divided by 48?
38
Calculate the remainder when 1337 is divided by 171.
140
Calculate the remainder when 3708 is divided by 70.
68
Calculate the remainder when 285 is divided by 47.
3
Calculate the remainder when 995 is divided by 26.
7
Calculate the remainder when 3503 is divided by 24.
23
What is the remainder when 98 is divided by 36?
26
Calculate the remainder when 701 is divided by 4.
1
Calculate the remainder when 3079 is divided by 767.
11
What is the remainder when 127 is divided by 4?
3
What is the remainder when 547 is divided by 61?
59
Calculate the remainder when 255 is divided by 113.
29
Calculate the remainder when 2105 is divided by 49.
47
Calculate the remainder when 706 is divided by 6.
4
Calculate the remainder when 2431 is divided by 152.
151
Calculate 